alculate the remainder when a is divided by 26.
24
Let h(f) be the first derivative of -4*f**2 - 6*f + 1. Let a(z) = -z - 1. Let x(n) = -6*a(n) + h(n). What is the remainder when 3 is divided by x(-1)?
1
Let k(r) = 3*r. Let n be k(2). Suppose -2*y = -6*y + 12. Let x = n - y. What is the remainder when 8 is divided by x?
2
Suppose 3*d - 5 = y + d, -4*y + 5*d - 8 = 0. What is the remainder when 9 is divided by y?
0
Suppose -2*j + 123 = -j + v, 2*j + v = 245. Suppose 3*k = 2*c - 0*c - 125, 2*c = 4*k + j. Calculate the remainder when c is divided by 17.
16
Suppose -2*z + 50 = 3*z - 5*r, -r = 3*z - 46. Suppose 2*h = 4*h - 8. Suppose h*d = 2*d + 16. What is the remainder when z is divided by d?
6
Suppose 8 = o - 3*u, -4*u + 59 = 3*o + 2*o. Calculate the remainder when 26 is divided by o.
4
Let d be (76/(-6))/((-2)/9). Suppose -165 + d = -3*b. What is the remainder when b is divided by 13?
10
Let n(m) = m**2 + m - 7. Let x = -2 + 4. Let l = x + -9. What is the remainder when n(l) is divided by 12?
11
Let r(o) = -o**2 - 10*o - 7. Let t(m) = -m + 1. Let c = 3 + -2. Let v(y) = c*r(y) + t(y). What is the remainder when 71 is divided by v(-8)?
17
Suppose -c = 4*g + 91, -3*c = -g + 6*g + 119. Suppose -5*f - 3*o = 1438, 2*f = f + 4*o - 306. Calculate the remainder when 25 is divided by 2/(-11) + f/g.
12
Let f be 0/(-2) - (-2)/(-2). Let d be 61*1 + (f - -1). Suppose 8 = 2*i - 4*t, t = 4*i + 2*t - d. Calculate the remainder when i is divided by 5.
4
Suppose 52 = l - 4*h, -5*l + 5 = 4*h - 207. Let f(u) = -2*u - 3. Let s be f(-2). Let i = 14 + s. What is the remainder when l is divided by i?
14
Let f(v) = -v + v + v**2. What is the remainder when 16 is divided by f(3)?
7
Suppose -5 = -u + 5*l, 4*l = -6*u + 3*u + 53. What is the remainder when 58 is divided by u?
13
Suppose -5*l - n = 177, 3*l - 2*l + 2*n = -39. Let y = -21 - l. What is the remainder when y is divided by 4?
2
Let j be ((-76)/8)/((-2)/4). Let d = -4 + j. Let m = d - 6. Calculate the remainder when m is divided by 5.
4
Suppose 0 = 5*h - 3*s - 2*s - 185, -52 = -h + 4*s. What is the remainder when h is divided by 3?
2
Suppose 0 = -2*x - j + 6, j + 0*j - 12 = -5*x. Let d = -15 + 28. What is the remainder when d is divided by (-2)/4*(-28)/x?
6
Let z = -151 + 170. Calculate the remainder when z is divided by 2.
1
Let u(v) = 10*v - 1. Let t be u(2). Let i = 35 - t. What is the remainder when 61 is divided by i?
13
Let r(j) = -2*j + 4. Let h be -1 + 5 + -7 - 5. Calculate the remainder when r(h) is divided by 12.
8
Let l(r) = r + 29. Calculate the remainder when ((-37)/(-4))/(3/12) is divided by l(-19).
7
Let n(i) = 5 - 2*i**3 + 6*i + i**3 + 0*i + 5*i**2 + 0*i**3. Calculate the remainder when 13 is divided by n(6).
3
Suppose 6 = -s - 4. Let o = 39 - s. Calculate the remainder when o is divided by 26.
23
Suppose 5*c = f - 5, 5*f + 0*c = -3*c - 3. Suppose f = -5*v - 3*o - 7, -4*v + 0 - 4 = 2*o. What is the remainder when 4 + (-1 - 1/v) is divided by 1?
0
Let i be 12*3/(-9)*-1. Suppose 2*l = t - i*t + 16, 4*t - l - 3 = 0. Calculate the remainder when 2 is divided by t.
0
Suppose 5*w - 6*w + 24 = 0. Calculate the remainder when 67 is divided by w.
19
Let x = 24 - -7. Calculate the remainder when 61 is divided by x.
30
Let q(r) = r**2 - 3*r - 3. What is the remainder when 42 is divided by q(-3)?
12
Suppose 3*q + c = 107, -2*q - 53 = -4*q + 3*c. What is the remainder when q is divided by 9?
7
Suppose 5*f - 20 = -0*f, -3*p + 227 = 5*f. What is the remainder when 136 is divided by p?
67
Let z be 5 + (-3 - -1) + 1. Suppose 2*f - 37 + 1 = -2*s, -z*s = 2*f - 68. Calculate the remainder when s is divided by 6.
4
Let p be 5/5 + (155 - -1). What is the remainder when p/4 - (-1)/(-4) is divided by 20?
19
Let i(j) = j**3 - 6*j**2 + j - 6. Let f be i(6). Suppose -7*n + 2*n + 80 = f. Suppose 0*k - 2*k = -94. Calculate the remainder when k is divided by n.
15
Suppose -34 + 126 = 2*i. Let f(w) = -w**3 + 7*w**2 - 8*w + 6. Let z(c) = 2*c**2 + 3*c - 4. Let n be z(-3). Calculate the remainder when i is divided by f(n).
14
Suppose 0 = b - a - 5, b + 4*b - 22 = 2*a. Suppose 6*u - 2*u - 3*p = 36, 3*u - b*p - 34 = 0. Let r = 6 + u. What is the remainder when r is divided by 7?
5
Let g = -7 + 12. Suppose 0*k + g*k - 15 = 0. Suppose 2*i = -k*i - 4*l + 167, -3*i + l = -90. Calculate the remainder when i is divided by 11.
9
Let i(g) = g**2 - 9*g - 17. Suppose -5*u = -u - 52. What is the remainder when u is divided by i(11)?
3
Let n(q) = -q - 3. Let g(y) = y + 1. Let x = -4 + 5. Calculate the remainder when g(x) is divided by n(-5).
0
Calculate the remainder when (-600)/(-16)*(-2)/(-3) is divided by 14.
11
Suppose 5*l + 2*m = -73, -m + 0*m = 4*l + 59. Let j(i) = i**2 + 2*i - 7. Calculate the remainder when 5*(-1 + (-111)/l) is divided by j(-6).
15
Let a(b) = 0*b**2 + 2*b + b**2 + 11*b**3 - 1 - 3*b**2. Calculate the remainder when 19 is divided by a(1).
9
Let w = 14 + 0. What is the remainder when 55 is divided by w?
13
Let q = 10 - 1. What is the remainder when 44 is divided by q?
8
Suppose -3 = -i + 12. Let j be (-13)/((12/(-3))/4). Suppose -14*v + 28 = -j*v. What is the remainder when v is divided by i?
13
Let c(u) = u - 6. Let l be c(8). Suppose -50 = -5*p + 5*n, p + l*p - 45 = -2*n. Calculate the remainder when 99/2 - 1/(-2) is divided by p.
11
Let y(t) = t + 2. Let o = 28 - 21. What is the remainder when 24 is divided by y(o)?
6
Suppose 0 = 151*l - 158*l + 42. Calculate the remainder when (-66)/(-4) - (-2)/(-4) is divided by l.
4
Suppose -o - 11 - 29 = 0. What is the remainder when 129/5 + (-8)/o is divided by 29/2 + (-1)/2?
12
Let b(o) = o**3 + 6*o**2 - 19*o - 14. Calculate the remainder when 46 is divided by b(-8).
6
Let v be 1/(6/7 - 1). Let o(b) be the second derivative of -2*b**3/3 + 9*b**2/2 + 23*b. Calculate the remainder when o(v) is divided by 13.
11
Suppose -2*m = -d - 22, 3*d + d - 12 = -2*m. Suppose -2*g + 112 = 2*g. What is the remainder when g is divided by m?
8
Let o(i) = i**3 - 10*i**2 + i + 1. Calculate the remainder when o(10) is divided by (-1 - (-2 - -2))*-3.
2
Suppose 4*z + 4*i = 88, -3*i - 60 = -0*z - 4*z. Calculate the remainder when 34 is divided by z.
16
Let u be (4/6)/(6/153). Suppose 3*k - 2*x = -k + 10, 5*k - u = x. Suppose 0 = -5*a + 2*a + 6. Calculate the remainder when k is divided by a.
0
Let s be (-49)/(-14) + 1/(-2). Let c(l) = 27*l - 4. Calculate the remainder when c(s) is divided by 20.
17
Let l(t) = -27*t**3 + t**2 + 2*t + 1. Suppose -5*y - 40 = -2*p, -2*p + 12 = 3*y - y. What is the remainder when l(-1) is divided by p?
7
Let h = 379 - 234. Calculate the remainder when h is divided by 49.
47
Suppose -q = -2*h + 170, 2*h + 4*q = 134 + 26. Suppose -84 = -4*y + 2*l, y = -3*y - l + h. What is the remainder when 62 is divided by y?
20
Let f = -404 + 416. Let n = 52 + -31. What is the remainder when n is divided by f?
9
Let r = -10 - -19. Suppose -1 = -i + 4. What is the remainder when r is divided by i?
4
Suppose -8*n = -10*n + 116. What is the remainder when n is divided by -2*(-2)/(-2)*-10?
18
Let a be 7*-1*3/(-3). Let t = -21 + 30. What is the remainder when 26/5*(a + -2) is divided by t?
8
Suppose 2*g + 26 = -2*r, r + 2*r = 3*g - 27. Let h = 4 - r. What is the remainder when 57 is divided by h?
12
Let b(m) = -13*m + 1. Let o be b(-2). Suppose 15 = 3*n - o. What is the remainder when n is divided by 8?
6
Let p(x) = -x**3 - 6*x**2 + 4*x - 3. Calculate the remainder when p(-7) is divided by (-3 + -1)*-3 - 2.
8
Suppose 0 = q - 0 + 16. Let b = 36 + q. What is the remainder when 58 is divided by b?
18
Let k be 0*((-6)/(-4) - 2). What is the remainder when 19 + 1 + k + 2 is divided by (2/(-5))/((-3)/90)?
10
Suppose i - 1 = 2*m, -3*i + m - 7 = -25. Let y(a) = -39*a. Let c be y(-1). Suppose -4*b + b + c = 0. Calculate the remainder when b is divided by i.
6
Suppose 0 = 5*f - f. Suppose f*h - h = -11. Suppose -133 = -4*o - c, -5*o = -3*c - 130 - 15. What is the remainder when o is divided by h?
10
Let l be 2/6*-3 + -27. Let h = l - -39. Calculate the remainder when 31 is divided by h.
9
Let c(n) = n**3 + 4*n**2 - 4*n - 5. Let p be c(-4). Let t = -1 + p. Let s = -27 + 45. Calculate the remainder when s is divided by t.
8
Suppose -39 + 4 = -5*k. Let p(t) = t**3 - 8*t**2 + 9*t - 3. What is the remainder 